{"id":588,"date":"2023-10-29T17:18:52","date_gmt":"2023-10-29T16:18:52","guid":{"rendered":"https:\/\/sebastienmonod.com\/?post_type=product&#038;p=588"},"modified":"2024-03-16T04:02:00","modified_gmt":"2024-03-16T03:02:00","slug":"etienne-daho-lattraction-des-arts-edition-simple","status":"publish","type":"product","link":"https:\/\/sebastienmonod.com\/index.php\/produit\/etienne-daho-lattraction-des-arts-edition-simple\/","title":{"rendered":"\u00c9tienne Daho, l\u2019attraction des arts (\u00e9dition simple)"},"content":{"rendered":"<p>\u00ab J\u2019ai eu la chance d\u2019aimer la musique et d\u2019avoir la curiosit\u00e9 de lire, de voir des films \u00e0 la maison de la culture\u2026 Je me d\u00e9merdais toujours, malgr\u00e9 le peu de moyens, pour avoir assez de culture dans ma vie et m\u2019ouvrir. J\u2019ai encore ce bagage aujourd\u2019hui qui me donne de l\u2019inspiration dans mes chansons. \u00bb Voici ce que confiait \u00c9tienne Daho dans une r\u00e9cente interview. Cette curiosit\u00e9, ces connaissances tous azimuts lui ont permis de se forger une identit\u00e9 unique qui le place \u00e0 part dans le milieu de la musique francophone. Ses cr\u00e9ations sont in\u00e9vitablement influenc\u00e9es par cet \u00e9clectisme qui a engendr\u00e9 un univers artistique aussi riche qu\u2019\u00e9lectrisant. Il le prouve une fois encore avec son nouvel album <em>Tirer la nuit sur les \u00e9toiles<\/em>.<\/p>\n<p>Apr\u00e8s <em>Dahovision(s)<\/em>, j\u2019ai d\u00e9cid\u00e9 de poursuivre l\u2019exploration de l\u2019\u0153uvre dahotienne en mettant en lumi\u00e8re les r\u00e9f\u00e9rences artistiques pr\u00e9sentes dans ses textes, ses clips ou sur ses pochettes de disques. Pour compl\u00e9ter cette approche, trois chansons de son dernier album ont \u00e9t\u00e9 d\u00e9cortiqu\u00e9es par Laurence Lechesne, professeur de lettres modernes. Mais ce livre ne contient pas que des mots, on y trouve aussi des images, et c\u2019est John Bars qui propose aux lectrices et aux lecteurs un voyage dans des paysages marins et nocturnes en accord avec la th\u00e9matique de <em>Tirer la nuit sur les \u00e9toiles<\/em>.<\/p>\n<p><em>Livre broch\u00e9 &#8211; Couverture souple<\/em><\/p>\n<p><strong>\u00c9ditions des Deux Anges<\/strong><\/p>\n<p><strong>2023<\/strong><\/p>\n<p><strong>ISBN 978-2-9560362-7-2<\/strong><\/p>\n","protected":false},"excerpt":{"rendered":"<div class=\"woocommerce-product-details__short-description\">\n<p>Ouvrage consacr\u00e9 aux r\u00e9f\u00e9rences artistiques pr\u00e9sentes dans l\u2019album \u00ab\u00a0Tirer la nuit sur les \u00e9toiles\u00a0\u00bb.<\/p>\n<\/div>\n","protected":false},"featured_media":589,"comment_status":"open","ping_status":"closed","template":"","meta":[],"class_list":["post-588","product","type-product","status-publish","has-post-thumbnail","hentry","product_cat-livres","product_cat-format-papier"],"_links":{"self":[{"href":"https:\/\/sebastienmonod.com\/index.php\/wp-json\/wp\/v2\/product\/588","targetHints":{"allow":["GET"]}}],"collection":[{"href":"https:\/\/sebastienmonod.com\/index.php\/wp-json\/wp\/v2\/product"}],"about":[{"href":"https:\/\/sebastienmonod.com\/index.php\/wp-json\/wp\/v2\/types\/product"}],"replies":[{"embeddable":true,"href":"https:\/\/sebastienmonod.com\/index.php\/wp-json\/wp\/v2\/comments?post=588"}],"wp:featuredmedia":[{"embeddable":true,"href":"https:\/\/sebastienmonod.com\/index.php\/wp-json\/wp\/v2\/media\/589"}],"wp:attachment":[{"href":"https:\/\/sebastienmonod.com\/index.php\/wp-json\/wp\/v2\/media?parent=588"}],"curies":[{"name":"wp","href":"https:\/\/api.w.org\/{rel}","templated":true}]}}